he remainder when n is divided by h?
12
Suppose -31 = 19*n + 45. What is the remainder when (n + 7)*(3 + 12) is divided by 27?
18
Let k(b) = 17*b + 7. Let p be k(-2). Let h = p - -34. What is the remainder when 34 is divided by h?
6
Let q(l) = 20*l**2 - 35*l - 131. What is the remainder when q(-4) is divided by 24?
17
Let j(l) = -l**2 - 8*l - 15. Let w be j(-7). Let b(i) = -i**3 - 7*i + 47. What is the remainder when b(0) is divided by -6*(-4)/6 - w?
11
Let f(u) = -28*u + 126. What is the remainder when 262 is divided by f(4)?
10
Let x = -120 + 189. Let s = x - 48. Calculate the remainder when 80 is divided by s.
17
Let z(j) = j**3 - 5*j**2 - j + 1. Let f be z(3). Calculate the remainder when f*(2 + (-105)/10) is divided by 43.
41
Suppose 4 = b + 2. Suppose 27 = d - b*h, -3*h = -4*d + 52 + 66. What is the remainder when 92 is divided by d?
30
Let l(r) = -r**2 - 10*r + 16. Let q(h) = -4*h**2 - 2*h. Let d be q(-2). Let o = -10 - d. Calculate the remainder when l(-11) is divided by o.
1
Let b(j) = j + j**3 - 18 - 6*j**2 + 23 - j. Let i = 13 + -7. What is the remainder when 13 is divided by b(i)?
3
What is the remainder when (268/(-20) + 13)*2830/(-2) is divided by 52?
46
What is the remainder when (-6 - 33/(-6)) + 147/6 is divided by 10?
4
Calculate the remainder when 343/4 + 16/64 is divided by 2/(-11) - (-976)/44.
20
Let n(w) = -w + 4. Let m be n(5). Let f = m - 0. What is the remainder when 4 is divided by (f - -1) + (-6)/(-2)?
1
Let c = -80 + 145. Let h = 17 + -28. Let r = h - -28. What is the remainder when c is divided by r?
14
Suppose 28 = -2*b - 2*b. Suppose 15 = -57*c + 62*c. Calculate the remainder when c/1 + b - -33 is divided by 16.
13
Suppose -3*r + 2*q = -76, -8*r = -11*r - q + 61. Calculate the remainder when 125 is divided by r.
15
Suppose -328 = 52*p - 60*p. Let l = 236 - 75. Calculate the remainder when l is divided by p.
38
Suppose -5*f + 113 = 38. Calculate the remainder when 249 is divided by f.
9
Suppose -4*y - 1 = -21. Suppose 3*b = y*u - 29, u + 3*b - 34 = -3*u. What is the remainder when u is divided by 5?
2
Let f(k) = 8*k + 17. Let z be f(-9). What is the remainder when (z - -27)*(0 + 0 + -1) is divided by 10?
8
Let p(c) = 96*c**3 + c**2 - c + 1. Let s(u) = u**2 + 6*u - 22. What is the remainder when p(1) is divided by s(-11)?
31
Suppose 224 = -8*n + 12*n. Suppose -5*r = 3*r - n. What is the remainder when 17 is divided by r?
3
Calculate the remainder when 345 is divided by (-350)/(-4)*(34/(-14) - -3).
45
What is the remainder when -8*2/(-8) - -5 is divided by 3?
1
Let j = 37 + 2. Suppose 25 = -2*n + j. Calculate the remainder when 11 is divided by n.
4
Let j = 331 + -268. What is the remainder when 123 is divided by j?
60
Suppose 11*r = 218 + 35. Calculate the remainder when 87 is divided by r.
18
Let t(b) = -b**3 + 8*b**2 + 3*b + 2. Let v be ((-2)/(-4))/(3/6). Suppose -4*f + v = -5*f, -2*x + 15 = -f. What is the remainder when t(x) is divided by 25?
22
Let m(f) = f**3 + 7*f**2 - 4*f + 51. What is the remainder when 110 is divided by m(-8)?
15
What is the remainder when ((-2)/3)/1*(-333)/6 is divided by 21?
16
Suppose -9*h - 4*c + 62 = -6*h, 0 = -4*c + 8. What is the remainder when 161 is divided by h?
17
Suppose 15*r = a + 13*r - 23, 3*a - 4*r - 61 = 0. Suppose 4*o = -o + 285. What is the remainder when o is divided by a?
12
Suppose -u - 4*l = 3, -6*l + l = 4*u - 10. Suppose -2*a + v + 14 = 2*a, u*a - 25 = 5*v. Calculate the remainder when 12 is divided by a.
0
Let q = 183 - 150. What is the remainder when 229 is divided by q?
31
Let p = 3 + 2. Let c = 6 - p. What is the remainder when 33 is divided by 18*c/(3/2)?
9
Let k(x) = x**3 - 8*x**2 + 14*x - 21. Let j = -85 - -92. What is the remainder when 83 is divided by k(j)?
27
Suppose 466*y - 463*y = 972. What is the remainder when y is divided by 13?
12
Let h be (2 - 3/2) + 9/(-2). Calculate the remainder when 29 is divided by (h/3)/((-5)/30).
5
Let o(s) = -s - 1 - 2*s**2 + 3*s**2 - 5 + 5*s. Calculate the remainder when 11 is divided by o(2).
5
Let b = 139 - 122. What is the remainder when b is divided by (30/(-9))/(4/(-12))?
7
Suppose 74*q + 3028 = 2*n + 71*q, 2*n = -q + 3036. Calculate the remainder when n is divided by 11.
10
Let b(r) = -2*r + 35. Calculate the remainder when b(0) is divided by 14.
7
Calculate the remainder when 175 is divided by (-5)/(45/9) - (-14 + 2).
10
Let v(f) = f**3 - 5*f**2 - 2*f - 21. What is the remainder when v(8) is divided by 53?
49
Suppose 4*p - 3*c = -7*c + 16, -c = -2*p - 4. Suppose -5*h - 2*z + 8 = -p*z, -h + z = -3. Calculate the remainder when 11 is divided by h.
1
What is the remainder when 42 is divided by 18 + (2 - 10) + -3?
0
Suppose -q - 4*q = -105. What is the remainder when 58 is divided by q?
16
What is the remainder when 39 is divided by (-6)/10 + (980/50 - 3)?
7
Let d be 1 - (-3 + -1 + 2). Suppose k + 17 = -4*c + 6*k, 0 = d*c - 2*k + 4. Calculate the remainder when (-1 - c*-4)/1 is divided by 2.
1
Suppose -11 = 5*j - 4*x, -3 = -506*j + 507*j - x. What is the remainder when 138 is divided by j?
0
Suppose 235 = j + 227. Suppose 0*v + v - 14 = 0. What is the remainder when v is divided by j?
6
Let n(d) = d**2 - 6*d + 24. What is the remainder when 80 is divided by n(7)?
18
Suppose 165 = 4*u - 0*b + b, 0 = -u - 5*b + 27. What is the remainder when 209 is divided by u?
41
Let x(s) = -7*s + 11. Suppose 0 = -2*b - 4, 3*r + 2*b + 11 = b. Calculate the remainder when x(r) is divided by 18.
14
Let n = -51 + 61. Suppose 0 = -5*q + 5*y + 70, q - 33 + n = -2*y. What is the remainder when 65 is divided by q?
14
Suppose -18 - 50 = -2*n. Let q = -16 + 52. Suppose q = r + 3*r. Calculate the remainder when n is divided by r.
7
Let o(u) = -10*u**3 - 6*u**2 + 13*u + 26. Calculate the remainder when o(-3) is divided by 52.
47
Suppose 5*l + 5*c - 380 = 0, l + 2*c - 4*c - 79 = 0. What is the remainder when l is divided by 41?
36
Let v = 438 - 295. What is the remainder when v is divided by 36?
35
Let z(q) = -q**2 - 8*q - 12. Let i be z(-4). Suppose -28 = -4*n + i. What is the remainder when n is divided by 2?
0
Let x be 4/(-16) + (-435)/(-12). Suppose -2*f + 0*f + x = 0. Suppose -8 = -2*n + f. Calculate the remainder when n is divided by 5.
3
Let g be 57 + (0 + 1)*-2. Let a = -192 + 194. Suppose -2*m - 32 = -h, 4*h - m = a*h + g. Calculate the remainder when h is divided by 14.
12
Let s(b) = 11*b - 28. Calculate the remainder when 1618 is divided by s(5).
25
Let y(o) = -o**2 + 5 - 11 - 6 - 10*o + 0*o. Let z be y(-8). Suppose z*k = 5*j + 167, -139 = -3*k - 2*j + 3*j. What is the remainder when k is divided by 25?
23
Suppose -8*u + 3*u + 80 = 0. Let z be 2 - (-9)/(-4) - (-360)/32. Let q = 18 + z. What is the remainder when q is divided by u?
13
Let w = 297 + -210. Let f = 17 - 7. What is the remainder when w is divided by f?
7
Suppose 25*p - 153 - 389 = 158. What is the remainder when 406/8 + 2/8 is divided by p?
23
Let k = -46 - -80. Suppose -3*h = -h - k. Calculate the remainder when h is divided by (-4)/(-4*(-4)/(-24)).
5
Suppose 0 = -3*n - o + 1, o = -3 - 2. What is the remainder when (-20)/6*n*-3 is divided by 9?
2
What is the remainder when (67/5)/(((-28)/(-35))/4) is divided by 10?
7
Suppose 0 = -108*f + 101*f + 651. What is the remainder when f is divided by 35?
23
Let w(h) be the third derivative of h**5/60 - h**4/12 + h**3/3 - 4*h**2. Calculate the remainder when 49 is divided by w(-3).
15
Suppose 4*j + 5*v - 43 = 29, 5*j = -5*v + 90. Suppose 0*a - a + 31 = 0. What is the remainder when a is divided by j?
13
Suppose 3*l - 388 = l. Suppose 0 = 5*k - j - 241, -259 = -2*k + j - 165. Calculate the remainder when l is divided by k.
47
Suppose 5*w = -4*l + 15, 0*w - 18 = -3*l + 3*w. Suppose -5*c + 3*t + 0*t = -56, 52 = l*c - t. Calculate the remainder when c is divided by 2/((-4)/(-14)) - 3.
2
Suppose 23*w + 2*d - 297 = 20*w, -2*w - 2*d = -198. Calculate the remainder when 1285 is divided by w.
97
Let f(j) = -j**2 - 7*j - 23. Let w be f(-5). Let l(r) = -3*r - 6. Calculate the remainder when l(w) is divided by 9.
6
Suppose 3*n - 58 = -j, -5 = -j + 2*n + 43. Suppose x - 30 = j. Calculate the remainder when x is divided by 22.
16
Let x be (-150)/(-36) + 2/(-12). Suppose x*r + 15 = -r. Let g = r - -8. What is the remainder when 8 is divided b